{"id":178,"date":"2017-07-28T09:58:56","date_gmt":"2017-07-28T07:58:56","guid":{"rendered":"http:\/\/fourriere-intercommunale.com\/?page_id=178"},"modified":"2017-07-28T13:11:04","modified_gmt":"2017-07-28T11:11:04","slug":"servicio-de-dejacion","status":"publish","type":"page","link":"https:\/\/fourriere-intercommunale.com\/index.php\/es\/servicio-de-dejacion\/","title":{"rendered":"Servicio de dejaci\u00f3n"},"content":{"rendered":"<p>[vc_row full_width=\u00a0\u00bbstretch_row\u00a0\u00bb css=\u00a0\u00bb.vc_custom_1500999184610{background-color: #eaeaea !important;}\u00a0\u00bb][vc_column][vc_custom_heading text=\u00a0\u00bbServicio de dejaci\u00f3n\u00a0\u00bb font_container=\u00a0\u00bbtag:h2|text_align:center|color:%23d63131&Prime; use_theme_fonts=\u00a0\u00bbyes\u00a0\u00bb][vc_column_text]Se propone un servicio para los veh\u00edculos fueran de uso \u00a0:<\/p>\n<p>Para configurar este servicio con cada particular, proponemos que ir a nuestras oficinas con los siguientes documentos:<\/p>\n<ul>\n<li>Carta Grise y \/ o certificado de transferencia<\/li>\n<li>Tarjeta de identidad<\/li>\n<li>Certificado de no compromiso<\/li>\n<\/ul>\n<p>Nuestra secretar\u00eda se encargar\u00e1 de la documentaci\u00f3n requerida por la prefectura si todos los documentos est\u00e1n en orden con la legislaci\u00f3n francesa.<\/p>\n<p>Tras el desarrollo de la destrucci\u00f3n administrativa, concertaremos una cita con el fin de proceder a la destrucci\u00f3n gratuita del veh\u00edculo.<\/p>\n<p>No dude en llamarnos al <strong>04.93.43.54.55<\/strong> o para visitarnos, quedamos a su disposici\u00f3n.[\/vc_column_text][\/vc_column][\/vc_row]<\/p>\n","protected":false},"excerpt":{"rendered":"<p>[vc_row full_width=\u00a0\u00bbstretch_row\u00a0\u00bb css=\u00a0\u00bb.vc_custom_1500999184610{background-color: #eaeaea !important;}\u00a0\u00bb][vc_column][vc_custom_heading text=\u00a0\u00bbServicio de dejaci\u00f3n\u00a0\u00bb font_container=\u00a0\u00bbtag:h2|text_align:center|color:%23d63131&Prime; use_theme_fonts=\u00a0\u00bbyes\u00a0\u00bb][vc_column_text]Se propone un servicio para los veh\u00edculos fueran de uso \u00a0: Para configurar este servicio con cada particular, proponemos que ir a nuestras oficinas con los siguientes documentos: Carta Grise y \/ o certificado de transferencia Tarjeta de identidad Certificado de no compromiso Nuestra secretar\u00eda se&hellip;<\/p>\n","protected":false},"author":4,"featured_media":0,"parent":0,"menu_order":0,"comment_status":"closed","ping_status":"closed","template":"","meta":[],"class_list":["post-178","page","type-page","status-publish","hentry","description-off"],"acf":[],"yoast_head":"<!-- This site is optimized with the Yoast SEO plugin v21.9.1 - https:\/\/yoast.com\/wordpress\/plugins\/seo\/ -->\n<title>Servicio de dejaci\u00f3n | Fourri\u00e8re Intercommunale<\/title>\n<meta name=\"robots\" content=\"index, follow, max-snippet:-1, max-image-preview:large, max-video-preview:-1\" \/>\n<link rel=\"canonical\" href=\"https:\/\/fourriere-intercommunale.com\/index.php\/es\/servicio-de-dejacion\/\" \/>\n<meta property=\"og:locale\" content=\"fr_FR\" \/>\n<meta property=\"og:type\" content=\"article\" \/>\n<meta property=\"og:title\" content=\"Servicio de dejaci\u00f3n | Fourri\u00e8re Intercommunale\" \/>\n<meta property=\"og:description\" content=\"[vc_row full_width=\u00a0\u00bbstretch_row\u00a0\u00bb css=\u00a0\u00bb.vc_custom_1500999184610{background-color: #eaeaea !important;}\u00a0\u00bb][vc_column][vc_custom_heading text=\u00a0\u00bbServicio de dejaci\u00f3n\u00a0\u00bb font_container=\u00a0\u00bbtag:h2|text_align:center|color:%23d63131&Prime; use_theme_fonts=\u00a0\u00bbyes\u00a0\u00bb][vc_column_text]Se propone un servicio para los veh\u00edculos fueran de uso \u00a0: Para configurar este servicio con cada particular, proponemos que ir a nuestras oficinas con los siguientes documentos: Carta Grise y \/ o certificado de transferencia Tarjeta de identidad Certificado de no compromiso Nuestra secretar\u00eda se&hellip;\" \/>\n<meta property=\"og:url\" content=\"https:\/\/fourriere-intercommunale.com\/index.php\/es\/servicio-de-dejacion\/\" \/>\n<meta property=\"og:site_name\" content=\"Fourri\u00e8re Intercommunale\" \/>\n<meta property=\"article:modified_time\" content=\"2017-07-28T11:11:04+00:00\" \/>\n<meta name=\"twitter:card\" content=\"summary_large_image\" \/>\n<meta name=\"twitter:label1\" content=\"Dur\u00e9e de lecture estim\u00e9e\" \/>\n\t<meta name=\"twitter:data1\" content=\"1 minute\" \/>\n<script type=\"application\/ld+json\" class=\"yoast-schema-graph\">{\"@context\":\"https:\/\/schema.org\",\"@graph\":[{\"@type\":\"WebPage\",\"@id\":\"https:\/\/fourriere-intercommunale.com\/index.php\/es\/servicio-de-dejacion\/\",\"url\":\"https:\/\/fourriere-intercommunale.com\/index.php\/es\/servicio-de-dejacion\/\",\"name\":\"Servicio de dejaci\u00f3n | Fourri\u00e8re Intercommunale\",\"isPartOf\":{\"@id\":\"https:\/\/fourriere-intercommunale.com\/#website\"},\"datePublished\":\"2017-07-28T07:58:56+00:00\",\"dateModified\":\"2017-07-28T11:11:04+00:00\",\"breadcrumb\":{\"@id\":\"https:\/\/fourriere-intercommunale.com\/index.php\/es\/servicio-de-dejacion\/#breadcrumb\"},\"inLanguage\":\"fr-FR\",\"potentialAction\":[{\"@type\":\"ReadAction\",\"target\":[\"https:\/\/fourriere-intercommunale.com\/index.php\/es\/servicio-de-dejacion\/\"]}]},{\"@type\":\"BreadcrumbList\",\"@id\":\"https:\/\/fourriere-intercommunale.com\/index.php\/es\/servicio-de-dejacion\/#breadcrumb\",\"itemListElement\":[{\"@type\":\"ListItem\",\"position\":1,\"name\":\"Accueil\",\"item\":\"https:\/\/fourriere-intercommunale.com\/\"},{\"@type\":\"ListItem\",\"position\":2,\"name\":\"Servicio de dejaci\u00f3n\"}]},{\"@type\":\"WebSite\",\"@id\":\"https:\/\/fourriere-intercommunale.com\/#website\",\"url\":\"https:\/\/fourriere-intercommunale.com\/\",\"name\":\"Fourri\u00e8re Intercommunale\",\"description\":\"Infos et Contact Fourri\u00e8res\",\"potentialAction\":[{\"@type\":\"SearchAction\",\"target\":{\"@type\":\"EntryPoint\",\"urlTemplate\":\"https:\/\/fourriere-intercommunale.com\/?s={search_term_string}\"},\"query-input\":\"required name=search_term_string\"}],\"inLanguage\":\"fr-FR\"}]}<\/script>\n<!-- \/ Yoast SEO plugin. -->","yoast_head_json":{"title":"Servicio de dejaci\u00f3n | Fourri\u00e8re Intercommunale","robots":{"index":"index","follow":"follow","max-snippet":"max-snippet:-1","max-image-preview":"max-image-preview:large","max-video-preview":"max-video-preview:-1"},"canonical":"https:\/\/fourriere-intercommunale.com\/index.php\/es\/servicio-de-dejacion\/","og_locale":"fr_FR","og_type":"article","og_title":"Servicio de dejaci\u00f3n | Fourri\u00e8re Intercommunale","og_description":"[vc_row full_width=\u00a0\u00bbstretch_row\u00a0\u00bb css=\u00a0\u00bb.vc_custom_1500999184610{background-color: #eaeaea !important;}\u00a0\u00bb][vc_column][vc_custom_heading text=\u00a0\u00bbServicio de dejaci\u00f3n\u00a0\u00bb font_container=\u00a0\u00bbtag:h2|text_align:center|color:%23d63131&Prime; use_theme_fonts=\u00a0\u00bbyes\u00a0\u00bb][vc_column_text]Se propone un servicio para los veh\u00edculos fueran de uso \u00a0: Para configurar este servicio con cada particular, proponemos que ir a nuestras oficinas con los siguientes documentos: Carta Grise y \/ o certificado de transferencia Tarjeta de identidad Certificado de no compromiso Nuestra secretar\u00eda se&hellip;","og_url":"https:\/\/fourriere-intercommunale.com\/index.php\/es\/servicio-de-dejacion\/","og_site_name":"Fourri\u00e8re Intercommunale","article_modified_time":"2017-07-28T11:11:04+00:00","twitter_card":"summary_large_image","twitter_misc":{"Dur\u00e9e de lecture estim\u00e9e":"1 minute"},"schema":{"@context":"https:\/\/schema.org","@graph":[{"@type":"WebPage","@id":"https:\/\/fourriere-intercommunale.com\/index.php\/es\/servicio-de-dejacion\/","url":"https:\/\/fourriere-intercommunale.com\/index.php\/es\/servicio-de-dejacion\/","name":"Servicio de dejaci\u00f3n | Fourri\u00e8re Intercommunale","isPartOf":{"@id":"https:\/\/fourriere-intercommunale.com\/#website"},"datePublished":"2017-07-28T07:58:56+00:00","dateModified":"2017-07-28T11:11:04+00:00","breadcrumb":{"@id":"https:\/\/fourriere-intercommunale.com\/index.php\/es\/servicio-de-dejacion\/#breadcrumb"},"inLanguage":"fr-FR","potentialAction":[{"@type":"ReadAction","target":["https:\/\/fourriere-intercommunale.com\/index.php\/es\/servicio-de-dejacion\/"]}]},{"@type":"BreadcrumbList","@id":"https:\/\/fourriere-intercommunale.com\/index.php\/es\/servicio-de-dejacion\/#breadcrumb","itemListElement":[{"@type":"ListItem","position":1,"name":"Accueil","item":"https:\/\/fourriere-intercommunale.com\/"},{"@type":"ListItem","position":2,"name":"Servicio de dejaci\u00f3n"}]},{"@type":"WebSite","@id":"https:\/\/fourriere-intercommunale.com\/#website","url":"https:\/\/fourriere-intercommunale.com\/","name":"Fourri\u00e8re Intercommunale","description":"Infos et Contact Fourri\u00e8res","potentialAction":[{"@type":"SearchAction","target":{"@type":"EntryPoint","urlTemplate":"https:\/\/fourriere-intercommunale.com\/?s={search_term_string}"},"query-input":"required name=search_term_string"}],"inLanguage":"fr-FR"}]}},"_links":{"self":[{"href":"https:\/\/fourriere-intercommunale.com\/index.php\/wp-json\/wp\/v2\/pages\/178","targetHints":{"allow":["GET"]}}],"collection":[{"href":"https:\/\/fourriere-intercommunale.com\/index.php\/wp-json\/wp\/v2\/pages"}],"about":[{"href":"https:\/\/fourriere-intercommunale.com\/index.php\/wp-json\/wp\/v2\/types\/page"}],"author":[{"embeddable":true,"href":"https:\/\/fourriere-intercommunale.com\/index.php\/wp-json\/wp\/v2\/users\/4"}],"replies":[{"embeddable":true,"href":"https:\/\/fourriere-intercommunale.com\/index.php\/wp-json\/wp\/v2\/comments?post=178"}],"version-history":[{"count":5,"href":"https:\/\/fourriere-intercommunale.com\/index.php\/wp-json\/wp\/v2\/pages\/178\/revisions"}],"predecessor-version":[{"id":318,"href":"https:\/\/fourriere-intercommunale.com\/index.php\/wp-json\/wp\/v2\/pages\/178\/revisions\/318"}],"wp:attachment":[{"href":"https:\/\/fourriere-intercommunale.com\/index.php\/wp-json\/wp\/v2\/media?parent=178"}],"curies":[{"name":"wp","href":"https:\/\/api.w.org\/{rel}","templated":true}]}}