{"id":165,"date":"2017-07-28T09:25:17","date_gmt":"2017-07-28T07:25:17","guid":{"rendered":"http:\/\/fourriere-intercommunale.com\/?page_id=165"},"modified":"2020-06-30T14:35:49","modified_gmt":"2020-06-30T12:35:49","slug":"acogida","status":"publish","type":"page","link":"https:\/\/fourriere-intercommunale.com\/index.php\/es\/acogida\/","title":{"rendered":"Acogida"},"content":{"rendered":"<p>[vc_row full_width=\u00a0\u00bbstretch_row_content_no_spaces\u00a0\u00bb][vc_column][rev_slider_vc alias=\u00a0\u00bbaccueiles\u00a0\u00bb][\/vc_column][\/vc_row][vc_row full_width=\u00a0\u00bbstretch_row\u00a0\u00bb css=\u00a0\u00bb.vc_custom_1500735928488{background-color: rgba(226,226,226,0.57) !important;*background-color: rgb(226,226,226) !important;}\u00a0\u00bb][vc_column][vc_custom_heading text=\u00a0\u00bb\u00bfPor qu\u00e9 se ha quitado mi veh\u00edculo?\u00a0\u00bb font_container=\u00a0\u00bbtag:h2|text_align:center|color:%23d63131&Prime; use_theme_fonts=\u00a0\u00bbyes\u00a0\u00bb][vc_row_inner][vc_column_inner][vc_column_text]<\/p>\n<p style=\"text-align: center;\"><span style=\"color: #808080;\">La raz\u00f3n principal de quitado est\u00e1 estacionado o peligrosa o abusiva ilegalmente<\/span><\/p>\n<p>[\/vc_column_text][\/vc_column_inner][\/vc_row_inner][\/vc_column][\/vc_row][vc_row][vc_column][vc_custom_heading text=\u00a0\u00bb\u00bfC\u00f3mo recuperar mi veh\u00edculo?\u00a0\u00bb font_container=\u00a0\u00bbtag:h2|text_align:center|color:%23d63131&Prime; use_theme_fonts=\u00a0\u00bbyes\u00a0\u00bb][vc_column_text]<\/p>\n<p style=\"text-align: center;\"><span style=\"color: #808080;\">Las autoridades solicitantes de la ciudad en cuesti\u00f3n, encontraron una infracci\u00f3n del c\u00f3digo de circulaci\u00f3n y el veh\u00edculo fue llevado a la deposito. P\u00f3ngase en contacto con el 04 93 43 54 55 de 9h de la ma\u00f1ana hasta las 9h de la tarde del lunes al s\u00e1bado. Domingos y festivos, debe acercarse de la polic\u00eda de la ciudad de secuestro, que se contactar\u00e1 con el personal asignado, para restaurar su veh\u00edculo de 08h da la ma\u00f1ana hasta las 11h de la tardes. Obtendr\u00e1 una \u00ab\u00a0main lev\u00e9e\u00a0\u00bb con la autoridad quien ha procesado al quitado.<\/span><\/p>\n<p style=\"text-align: center;\"><span style=\"color: #808080;\">Nuestros servicios no aceptan cheques y los detalles de las tarifas est\u00e1n disponible en nuestra p\u00e1gina de \u00ab\u00a0Tarifas\u00a0\u00bb.<\/span><\/p>\n<p>&nbsp;[\/vc_column_text][vc_column_text]<\/p>\n<p style=\"text-align: center;\"><span style=\"color: #808080;\">Horarios especiales<br \/>\n<\/span><\/p>\n<p style=\"text-align: center;\">[\/vc_column_text][\/vc_column][\/vc_row]<\/p>\n","protected":false},"excerpt":{"rendered":"<p>[vc_row full_width=\u00a0\u00bbstretch_row_content_no_spaces\u00a0\u00bb][vc_column][rev_slider_vc alias=\u00a0\u00bbaccueiles\u00a0\u00bb][\/vc_column][\/vc_row][vc_row full_width=\u00a0\u00bbstretch_row\u00a0\u00bb css=\u00a0\u00bb.vc_custom_1500735928488{background-color: rgba(226,226,226,0.57) !important;*background-color: rgb(226,226,226) !important;}\u00a0\u00bb][vc_column][vc_custom_heading text=\u00a0\u00bb\u00bfPor qu\u00e9 se ha quitado mi veh\u00edculo?\u00a0\u00bb font_container=\u00a0\u00bbtag:h2|text_align:center|color:%23d63131&Prime; use_theme_fonts=\u00a0\u00bbyes\u00a0\u00bb][vc_row_inner][vc_column_inner][vc_column_text] La raz\u00f3n principal de quitado est\u00e1 estacionado o peligrosa o abusiva ilegalmente [\/vc_column_text][\/vc_column_inner][\/vc_row_inner][\/vc_column][\/vc_row][vc_row][vc_column][vc_custom_heading text=\u00a0\u00bb\u00bfC\u00f3mo recuperar mi veh\u00edculo?\u00a0\u00bb font_container=\u00a0\u00bbtag:h2|text_align:center|color:%23d63131&Prime; use_theme_fonts=\u00a0\u00bbyes\u00a0\u00bb][vc_column_text] Las autoridades solicitantes de la ciudad en cuesti\u00f3n, encontraron una infracci\u00f3n del c\u00f3digo de circulaci\u00f3n y el veh\u00edculo&hellip;<\/p>\n","protected":false},"author":4,"featured_media":0,"parent":0,"menu_order":0,"comment_status":"closed","ping_status":"closed","template":"","meta":[],"class_list":["post-165","page","type-page","status-publish","hentry","description-off"],"acf":[],"yoast_head":"<!-- This site is optimized with the Yoast SEO plugin v21.9.1 - https:\/\/yoast.com\/wordpress\/plugins\/seo\/ -->\n<title>Acogida | Fourri\u00e8re Intercommunale<\/title>\n<meta name=\"robots\" content=\"index, follow, max-snippet:-1, max-image-preview:large, max-video-preview:-1\" \/>\n<link rel=\"canonical\" href=\"https:\/\/fourriere-intercommunale.com\/index.php\/es\/acogida\/\" \/>\n<meta property=\"og:locale\" content=\"fr_FR\" \/>\n<meta property=\"og:type\" content=\"article\" \/>\n<meta property=\"og:title\" content=\"Acogida | Fourri\u00e8re Intercommunale\" \/>\n<meta property=\"og:description\" content=\"[vc_row full_width=\u00a0\u00bbstretch_row_content_no_spaces\u00a0\u00bb][vc_column][rev_slider_vc alias=\u00a0\u00bbaccueiles\u00a0\u00bb][\/vc_column][\/vc_row][vc_row full_width=\u00a0\u00bbstretch_row\u00a0\u00bb css=\u00a0\u00bb.vc_custom_1500735928488{background-color: rgba(226,226,226,0.57) !important;*background-color: rgb(226,226,226) !important;}\u00a0\u00bb][vc_column][vc_custom_heading text=\u00a0\u00bb\u00bfPor qu\u00e9 se ha quitado mi veh\u00edculo?\u00a0\u00bb font_container=\u00a0\u00bbtag:h2|text_align:center|color:%23d63131&Prime; use_theme_fonts=\u00a0\u00bbyes\u00a0\u00bb][vc_row_inner][vc_column_inner][vc_column_text] La raz\u00f3n principal de quitado est\u00e1 estacionado o peligrosa o abusiva ilegalmente [\/vc_column_text][\/vc_column_inner][\/vc_row_inner][\/vc_column][\/vc_row][vc_row][vc_column][vc_custom_heading text=\u00a0\u00bb\u00bfC\u00f3mo recuperar mi veh\u00edculo?\u00a0\u00bb font_container=\u00a0\u00bbtag:h2|text_align:center|color:%23d63131&Prime; use_theme_fonts=\u00a0\u00bbyes\u00a0\u00bb][vc_column_text] Las autoridades solicitantes de la ciudad en cuesti\u00f3n, encontraron una infracci\u00f3n del c\u00f3digo de circulaci\u00f3n y el veh\u00edculo&hellip;\" \/>\n<meta property=\"og:url\" content=\"https:\/\/fourriere-intercommunale.com\/index.php\/es\/acogida\/\" \/>\n<meta property=\"og:site_name\" content=\"Fourri\u00e8re Intercommunale\" \/>\n<meta property=\"article:modified_time\" content=\"2020-06-30T12:35:49+00:00\" \/>\n<meta name=\"twitter:card\" content=\"summary_large_image\" \/>\n<meta name=\"twitter:label1\" content=\"Dur\u00e9e de lecture estim\u00e9e\" \/>\n\t<meta name=\"twitter:data1\" content=\"1 minute\" \/>\n<script type=\"application\/ld+json\" class=\"yoast-schema-graph\">{\"@context\":\"https:\/\/schema.org\",\"@graph\":[{\"@type\":\"WebPage\",\"@id\":\"https:\/\/fourriere-intercommunale.com\/index.php\/es\/acogida\/\",\"url\":\"https:\/\/fourriere-intercommunale.com\/index.php\/es\/acogida\/\",\"name\":\"Acogida | Fourri\u00e8re Intercommunale\",\"isPartOf\":{\"@id\":\"https:\/\/fourriere-intercommunale.com\/#website\"},\"datePublished\":\"2017-07-28T07:25:17+00:00\",\"dateModified\":\"2020-06-30T12:35:49+00:00\",\"breadcrumb\":{\"@id\":\"https:\/\/fourriere-intercommunale.com\/index.php\/es\/acogida\/#breadcrumb\"},\"inLanguage\":\"fr-FR\",\"potentialAction\":[{\"@type\":\"ReadAction\",\"target\":[\"https:\/\/fourriere-intercommunale.com\/index.php\/es\/acogida\/\"]}]},{\"@type\":\"BreadcrumbList\",\"@id\":\"https:\/\/fourriere-intercommunale.com\/index.php\/es\/acogida\/#breadcrumb\",\"itemListElement\":[{\"@type\":\"ListItem\",\"position\":1,\"name\":\"Accueil\",\"item\":\"https:\/\/fourriere-intercommunale.com\/\"},{\"@type\":\"ListItem\",\"position\":2,\"name\":\"Acogida\"}]},{\"@type\":\"WebSite\",\"@id\":\"https:\/\/fourriere-intercommunale.com\/#website\",\"url\":\"https:\/\/fourriere-intercommunale.com\/\",\"name\":\"Fourri\u00e8re Intercommunale\",\"description\":\"Infos et Contact Fourri\u00e8res\",\"potentialAction\":[{\"@type\":\"SearchAction\",\"target\":{\"@type\":\"EntryPoint\",\"urlTemplate\":\"https:\/\/fourriere-intercommunale.com\/?s={search_term_string}\"},\"query-input\":\"required name=search_term_string\"}],\"inLanguage\":\"fr-FR\"}]}<\/script>\n<!-- \/ Yoast SEO plugin. -->","yoast_head_json":{"title":"Acogida | Fourri\u00e8re Intercommunale","robots":{"index":"index","follow":"follow","max-snippet":"max-snippet:-1","max-image-preview":"max-image-preview:large","max-video-preview":"max-video-preview:-1"},"canonical":"https:\/\/fourriere-intercommunale.com\/index.php\/es\/acogida\/","og_locale":"fr_FR","og_type":"article","og_title":"Acogida | Fourri\u00e8re Intercommunale","og_description":"[vc_row full_width=\u00a0\u00bbstretch_row_content_no_spaces\u00a0\u00bb][vc_column][rev_slider_vc alias=\u00a0\u00bbaccueiles\u00a0\u00bb][\/vc_column][\/vc_row][vc_row full_width=\u00a0\u00bbstretch_row\u00a0\u00bb css=\u00a0\u00bb.vc_custom_1500735928488{background-color: rgba(226,226,226,0.57) !important;*background-color: rgb(226,226,226) !important;}\u00a0\u00bb][vc_column][vc_custom_heading text=\u00a0\u00bb\u00bfPor qu\u00e9 se ha quitado mi veh\u00edculo?\u00a0\u00bb font_container=\u00a0\u00bbtag:h2|text_align:center|color:%23d63131&Prime; use_theme_fonts=\u00a0\u00bbyes\u00a0\u00bb][vc_row_inner][vc_column_inner][vc_column_text] La raz\u00f3n principal de quitado est\u00e1 estacionado o peligrosa o abusiva ilegalmente [\/vc_column_text][\/vc_column_inner][\/vc_row_inner][\/vc_column][\/vc_row][vc_row][vc_column][vc_custom_heading text=\u00a0\u00bb\u00bfC\u00f3mo recuperar mi veh\u00edculo?\u00a0\u00bb font_container=\u00a0\u00bbtag:h2|text_align:center|color:%23d63131&Prime; use_theme_fonts=\u00a0\u00bbyes\u00a0\u00bb][vc_column_text] Las autoridades solicitantes de la ciudad en cuesti\u00f3n, encontraron una infracci\u00f3n del c\u00f3digo de circulaci\u00f3n y el veh\u00edculo&hellip;","og_url":"https:\/\/fourriere-intercommunale.com\/index.php\/es\/acogida\/","og_site_name":"Fourri\u00e8re Intercommunale","article_modified_time":"2020-06-30T12:35:49+00:00","twitter_card":"summary_large_image","twitter_misc":{"Dur\u00e9e de lecture estim\u00e9e":"1 minute"},"schema":{"@context":"https:\/\/schema.org","@graph":[{"@type":"WebPage","@id":"https:\/\/fourriere-intercommunale.com\/index.php\/es\/acogida\/","url":"https:\/\/fourriere-intercommunale.com\/index.php\/es\/acogida\/","name":"Acogida | Fourri\u00e8re Intercommunale","isPartOf":{"@id":"https:\/\/fourriere-intercommunale.com\/#website"},"datePublished":"2017-07-28T07:25:17+00:00","dateModified":"2020-06-30T12:35:49+00:00","breadcrumb":{"@id":"https:\/\/fourriere-intercommunale.com\/index.php\/es\/acogida\/#breadcrumb"},"inLanguage":"fr-FR","potentialAction":[{"@type":"ReadAction","target":["https:\/\/fourriere-intercommunale.com\/index.php\/es\/acogida\/"]}]},{"@type":"BreadcrumbList","@id":"https:\/\/fourriere-intercommunale.com\/index.php\/es\/acogida\/#breadcrumb","itemListElement":[{"@type":"ListItem","position":1,"name":"Accueil","item":"https:\/\/fourriere-intercommunale.com\/"},{"@type":"ListItem","position":2,"name":"Acogida"}]},{"@type":"WebSite","@id":"https:\/\/fourriere-intercommunale.com\/#website","url":"https:\/\/fourriere-intercommunale.com\/","name":"Fourri\u00e8re Intercommunale","description":"Infos et Contact Fourri\u00e8res","potentialAction":[{"@type":"SearchAction","target":{"@type":"EntryPoint","urlTemplate":"https:\/\/fourriere-intercommunale.com\/?s={search_term_string}"},"query-input":"required name=search_term_string"}],"inLanguage":"fr-FR"}]}},"_links":{"self":[{"href":"https:\/\/fourriere-intercommunale.com\/index.php\/wp-json\/wp\/v2\/pages\/165","targetHints":{"allow":["GET"]}}],"collection":[{"href":"https:\/\/fourriere-intercommunale.com\/index.php\/wp-json\/wp\/v2\/pages"}],"about":[{"href":"https:\/\/fourriere-intercommunale.com\/index.php\/wp-json\/wp\/v2\/types\/page"}],"author":[{"embeddable":true,"href":"https:\/\/fourriere-intercommunale.com\/index.php\/wp-json\/wp\/v2\/users\/4"}],"replies":[{"embeddable":true,"href":"https:\/\/fourriere-intercommunale.com\/index.php\/wp-json\/wp\/v2\/comments?post=165"}],"version-history":[{"count":13,"href":"https:\/\/fourriere-intercommunale.com\/index.php\/wp-json\/wp\/v2\/pages\/165\/revisions"}],"predecessor-version":[{"id":426,"href":"https:\/\/fourriere-intercommunale.com\/index.php\/wp-json\/wp\/v2\/pages\/165\/revisions\/426"}],"wp:attachment":[{"href":"https:\/\/fourriere-intercommunale.com\/index.php\/wp-json\/wp\/v2\/media?parent=165"}],"curies":[{"name":"wp","href":"https:\/\/api.w.org\/{rel}","templated":true}]}}